 t + 12, 3*y + 1 - 9 = -5*t. Suppose 3*l = -l - 2*w + 4226, -t*l - 3*w = -4227. What is the thousands digit of l?
1
Suppose -27*g + 84 = -20*g. Suppose -4*a + 0 = -g, -2*w + 2813 = -a. What is the tens digit of w?
0
Let h(c) = -1465*c**3 + 4*c**2 + 15*c + 10. What is the tens digit of h(-2)?
1
Let h(t) = 75*t**2 + 11*t - 255. What is the units digit of h(10)?
5
Suppose -5*p = -13*p + 520. Let k = p + -38. Suppose 6 = l - k. What is the units digit of l?
3
Let c = -2034 + 5722. What is the hundreds digit of c?
6
Suppose 90*c - 92*c + 2168 = 0. Let g = c + -750. What is the tens digit of g?
3
Let z = 51 - 46. Suppose 3*x = 0, 2*y + 3 + z = x. What is the units digit of (-4)/(-18) - (32768/72)/y?
4
Let l = 15651 - -24684. What is the tens digit of l?
3
Suppose -4*z - 729*b + 724*b = -31810, 5*z - 39765 = -5*b. What is the hundreds digit of z?
9
Suppose 3*c = -3*x - 2732 - 4390, c + 11874 = -5*x. Let b = 3833 + x. What is the hundreds digit of b?
4
Let j = 70 - 44. Let n = -31 + j. What is the tens digit of ((-28)/6 - n)*570?
9
Suppose -2*g = 4*z - 22, -13*g + 8*g - 5 = 0. Suppose 0 = z*k + 2685 - 8883. What is the units digit of k?
3
Let m = 22446 + 28228. What is the hundreds digit of m?
6
Suppose -86*q - 105*q + 1491519 = 0. What is the hundreds digit of q?
8
Let y(d) = 197*d + 1995. What is the hundreds digit of y(17)?
3
Let u(q) = q**3 + 7*q**2 + 6*q + 6. Let g be u(-6). Let o be 1/(2/g - (-52)/(-192)). Let m = o - -8. What is the units digit of m?
4
Let r be -4 + 3/6*-318. Suppose -h = 4*z - 1105, 6*z - 3*h = 4*z + 563. Let s = z + r. What is the tens digit of s?
1
Suppose y + 2*t + 3*t + 7 = 0, -t + 5 = y. Suppose y*p + 575 = 607. What is the units digit of p?
4
Let s = -134 - -179. Let l = 41 - s. What is the units digit of 274 + 2 + (-4)/l?
7
Let r be (-22)/(-33) + 166/3. Let f = r + -67. Let b = 83 + f. What is the tens digit of b?
7
Suppose 0 = 21*n - 1529197 + 172468 - 98886. What is the hundreds digit of n?
3
Suppose -406154 - 322002 = -16*y - 6*y. What is the ten thousands digit of y?
3
Let f = 68 + -84. Let n(g) = -27*g + 41. What is the units digit of n(f)?
3
Let s(z) = -z**2 + 6*z - 8. Let i be s(4). Let y be (0 + i)/(-3) + 4. Suppose q = -5*p + 271, -169 = -y*p + p + q. What is the units digit of p?
5
Let f(h) = 2185*h - 242. What is the tens digit of f(3)?
1
Suppose 0 = 3*y - 2*k - 8, 5*y = k + 15 + 10. Let z be 2/y - (-25)/15 - 2. Suppose 3*m + 255 = 5*x, 2*x - 3*m + z*m - 102 = 0. What is the tens digit of x?
5
What is the thousands digit of (-3)/(-10) + 3189920/1600?
1
Let v = 53606 - 5045. What is the ten thousands digit of v?
4
Suppose -52142 = -61*p + 32*p. What is the hundreds digit of p?
7
Let n(i) = -2*i**3 + 39*i**2 - 18*i - 10. Let c be n(19). Suppose 5*q - x - 2345 = 0, -5*x - 448 = -q - c*x. What is the units digit of q?
8
Suppose -x + 193*y - 189*y = -40107, -2*y = -2*x + 80214. What is the ten thousands digit of x?
4
Let z(t) = -403*t - 1684. What is the tens digit of z(-55)?
8
Suppose 3*j = 3*d + 24, -3*j - 3*d + 0 - 6 = 0. Let r be j - (2/(-4))/((-4)/(-16)). Suppose -6*n = -r*n - 94. What is the units digit of n?
4
Suppose 0 = -0*l - 9*l - 54. Let m be l*(21/6 - 4). What is the units digit of 2/1 + 108/m?
8
Suppose 5*r + 2*c - 34 = 0, -r - 4*c - 8 + 4 = 0. Let h(q) = -q**2 + 37*q + 10. What is the units digit of h(r)?
2
Let o = 220 - 208. Let s(c) be the first derivative of -c**4/4 + 4*c**3 + 17*c**2/2 + 2*c + 4. What is the hundreds digit of s(o)?
2
Let a = -1490 - -2141. Let m = a + -215. What is the tens digit of m?
3
Let w = -81 + 98. Suppose -w*t = -15*t - 588. What is the units digit of t?
4
Suppose s + 22*t - 1049 = 17*t, 0 = -s + 3*t + 1025. Let h = s + 107. What is the thousands digit of h?
1
Let u(m) = 1039*m - 138. What is the units digit of u(4)?
8
What is the thousands digit of (476/1)/(35/42 + 89/(-114))?
9
Suppose -101 + 111 = -5*s, -3*s = 5*v - 93114. What is the hundreds digit of v?
6
Let m(c) be the second derivative of c**5/20 + 2*c**4/3 + c**3/3 + 26*c**2 + 2*c - 7. What is the units digit of m(-7)?
7
Let m(q) = q**3 - 23*q**2 - 58*q + 301. What is the units digit of m(26)?
1
Let r(f) = -5*f**2 + f + 2*f**3 + 2*f**2 - f**3 + 5. Let u be ((-27)/(-18))/(9/24). What is the tens digit of r(u)?
2
Let a be 2112/198*(-3)/(-4). Let u(y) = -y**3 - 4 - 6*y + 10*y**2 + y - 3*y. What is the units digit of u(a)?
0
Suppose 0*r + 4*k + 27 = 5*r, -r + 4*k = -15. Let x be (-4)/r + 245/15. Suppose -x*m + 11*m = -64. What is the units digit of m?
6
Suppose 14*l = l + 86814. What is the thousands digit of l?
6
Let m = -4918 - -12377. What is the units digit of m?
9
Suppose -80 = -n - n. Let p(o) = 5*o + 36. Let t be p(-13). Let l = t + n. What is the tens digit of l?
1
Suppose -528*q + 492*q = -1837980. What is the units digit of q?
5
Let k(p) = p**3 - 48*p**2 + 18. Let n be k(48). Let o(x) = -x**3 + 19*x**2 - 13*x - 29. What is the tens digit of o(n)?
6
What is the thousands digit of (2*4/(-6))/(575/(-7377825))?
7
Let g(o) = 39*o**2 + 73*o + 2440. What is the tens digit of g(33)?
2
Let r(t) = t**3 - 4*t**2 - t + 9. Let p be r(0). Suppose -3*o + p*o - 1758 = 0. Let a = o + -193. What is the tens digit of a?
0
What is the thousands digit of 44*(10 - (-6721)/22)?
3
Let y(i) = i**3 - 6*i**2 - 2*i + 4. Let j be (-2)/(-13) - (-72)/39. Suppose 0 = v + 2*v + j*f - 14, 5*f + 41 = 2*v. What is the hundreds digit of y(v)?
1
Let a = 44 - 222. What is the tens digit of 6*a/16*-4?
6
Suppose 108*z - 11225942 = -103*z + 29*z. What is the tens digit of z?
8
What is the units digit of (-3 + -2 + 2)/((-9)/11172)?
4
Suppose -5*p = -38 - 77. Suppose -p*k + 25*k = 1320. What is the tens digit of k?
6
Let c(m) = -m**3 - 26*m**2 - 86*m + 44. Let x be c(-22). Suppose 0 = -5*r + 4*r - 2*s + 179, 5*r - 2*s = 859. Suppose r = k - x. What is the tens digit of k?
7
Suppose 35*h - 31*h + 6102 = 3*m, m - 5*h - 2034 = 0. What is the tens digit of m?
3
Let n be (42/8)/(-2 + (-91)/(-56)). What is the hundreds digit of n/((15/(-115))/3)?
3
Suppose -3*d + 31 = -35. Let i = d + -24. What is the units digit of i - (-99 + 20/5)?
3
Suppose 5*u + 2*q - 6 - 25 = 0, 0 = -4*u + q + 17. Suppose -s + u*h = -112, 3*s + 0*s - 2*h - 297 = 0. What is the units digit of s?
7
Let t(y) = 11*y**3 - y**2 + y + 10. Suppose 2*n = -16 + 24. What is the tens digit of t(n)?
0
Suppose 25*c = 44*c - 26*c - 42. Suppose -5*o - 84 = -3*f - f, 4*o = -2*f - 88. Let q = c - o. What is the tens digit of q?
1
Suppose 7*z + 8136 = 22*z - 7*z. What is the thousands digit of z?
1
Suppose -1731 - 1453 = -16*h. Suppose 2*z - 791 = h. What is the tens digit of z?
9
Let t(m) = 4483*m - 246. What is the units digit of t(3)?
3
Let p(k) = -1337*k - 2890. What is the ten thousands digit of p(-11)?
1
Let n(s) = 118*s + 6. Let f = -231 - -233. What is the hundreds digit of n(f)?
2
Suppose 554 = 10*t + 224. Let f be (-1)/(2/14 + t/(-378)). Let j = 12 - f. What is the tens digit of j?
3
Let o(a) = a**2 + 5*a + 6. Let f be o(-2). Suppose f = i + i + 30. What is the units digit of (i/4)/(3/(-60))?
5
Let v(f) be the first derivative of 16*f**3/3 - f**2 - f - 28. Let w be v(-1). Suppose w*h - 2547 - 394 = 0. What is the hundreds digit of h?
1
Let i(z) = 3 - 15*z + 9*z**2 + 13*z - 3. What is the units digit of i(-1)?
1
Suppose 59*b = 58*b + 366. Let u = b - 208. What is the hundreds digit of u?
1
Let y be (0 - -6)*2/6. Suppose p = -4*r + 173, 4*p + r = y*r + 624. What is the units digit of p?
7
Let y = -364 - -359. Let o(s) = -7 + 42 - 2 - 16*s. What is the tens digit of o(y)?
1
Let p(n) = -n**3 + n**2 + 4*n - 1. Let g be p(-3). Let x = g - 17. Suppose -8*z + 70 = -x*z. What is the units digit of z?
5
Suppose 5*j - s + 39 = 0, -12*s + 9*s + 12 = 0. What is the tens digit of (-150)/350 - 2418/j?
4
Let t be 1*(-2 - -4)*2. Suppose -2*p + 12 + 472 = t*c, -5*p + 1217 = 3*c. What is the units digit of p?
4
Let u(r) = 320*r**3 - 13*r**2 + 11*r - 1. What is the units digit of u(3)?
5
Let v(y) = -91*y**3 + 10*y**2 - 7*y - 27. What is the ten thousands digit of v(-5)?
1
Let g = 89264 - 61578. What is the ten thousands digit of g?
2
Let c(m) = -616*m + 2268. What is the ten thousands digit of c(-34)?
2
Suppose 3594*z = 3592*z + 13918. What is the units digit of z?
9
Suppose -1533*s - 229050 = -1583*s. What